7) in base 14?
-5878
439e (base 16) to base 4
10032132
Convert -4012 (base 5) to base 7.
-1323
What is -1a52 (base 15) in base 14?
-2114
Convert -339 (base 13) to base 8.
-1053
-100034 (base 6) to base 15
-249d
What is -202002000 (base 3) in base 15?
-4509
Convert -11214 (base 5) to base 14.
-41b
What is 1001001111110110 (base 2) in base 3?
1220221220
What is 224 (base 5) in base 7?
121
What is -34200 (base 6) in base 3?
-20121200
-1497 (base 10) to base 5
-21442
Convert 10312 (base 5) to base 4.
23003
2010333 (base 4) to base 6
103223
432 (base 12) to base 9
752
2223 (base 7) to base 12
569
30104 (base 6) to base 9
5344
-1001100010010110 (base 2) to base 3
-1222120202
-3101313 (base 4) to base 8
-32167
231 (base 15) to base 7
1306
Convert 3057 (base 9) to base 4.
202333
39 (base 11) to base 13
33
-32244 (base 7) to base 10
-8019
What is 32 (base 6) in base 9?
22
What is -11111101111 (base 2) in base 15?
-906
What is 1497 (base 13) in base 2?
101110110101
What is 11503 (base 6) in base 7?
4641
What is -66643 (base 9) in base 3?
-2020201110
Convert -d7b (base 16) to base 13.
-1756
Convert 2425 (base 7) to base 14.
485
What is -a660 (base 11) in base 6?
-145142
270 (base 15) to base 9
676
-389 (base 11) to base 7
-1225
543 (base 14) to base 6
4451
-1ab33 (base 12) to base 2
-1001101011010111
Convert 3024412 (base 5) to base 10.
48732
What is 1010010101 (base 2) in base 10?
661
What is -243 (base 14) in base 13?
-289
-30153 (base 8) to base 14
-4735
3102 (base 5) to base 4
12102
Convert -53055 (base 8) to base 10.
-22061
Convert -3031301 (base 4) to base 13.
-5cc0
What is 9961 (base 15) in base 9?
48511
Convert b36e (base 15) to base 8.
112020
63b (base 14) to base 10
1229
What is -1111100001100000 (base 2) in base 4?
-33201200
Convert -1600 (base 7) to base 13.
-3a0
63361 (base 9) to base 15
c601
-106330 (base 7) to base 13
-8881
-127267 (base 8) to base 5
-2412402
Convert -9ed (base 16) to base 10.
-2541
-4163 (base 7) to base 4
-112322
What is -33c5 (base 16) in base 14?
-4b89
What is 1102110200 (base 3) in base 2?
110110110001100
What is -73 (base 9) in base 6?
-150
-2401 (base 5) to base 13
-210
What is 3103 (base 9) in base 11?
1785
Convert -1200 (base 11) to base 9.
-2137
6954 (base 11) to base 7
35426
Convert -3327 (base 15) to base 16.
-2a55
-1577 (base 12) to base 14
-cd5
Convert 1210001121 (base 3) to base 8.
104333
-4030104 (base 5) to base 9
-107310
Convert -221103 (base 4) to base 8.
-5123
Convert 2132301 (base 5) to base 4.
20323200
What is -1055 (base 16) in base 11?
-3161
-11111101001100 (base 2) to base 9
-24204
20065 (base 8) to base 10
8245
4453 (base 6) to base 8
2021
Convert 2663 (base 9) to base 2.
11111010001
Convert 133 (base 13) to base 4.
3103
-1098 (base 11) to base 16
-59e
-6651 (base 7) to base 15
-a93
What is -7243 (base 9) in base 15?
-1889
What is -1123221 (base 4) in base 7?
-23046
Convert 204001 (base 5) to base 8.
15137
-42452 (base 9) to base 13
-ca16
What is -54a9 (base 11) in base 4?
-1301122
What is -4322 (base 5) in base 16?
-24b
What is 100011011 (base 2) in base 8?
433
Convert 110310 (base 4) to base 13.
7b6
What is 110012001 (base 3) in base 10?
8884
What is 9ba5 (base 16) in base 9?
60582
-4032 (base 5) to base 4
-20011
Convert -212 (base 11) to base 12.
-193
-1212 (base 3) to base 15
-35
Convert -223211 (base 4) to base 7.
-11063
-50323 (base 6) to base 8
-14713
Convert -1012321 (base 4) to base 14.
-1921
What is 173 (base 13) in base 8?
407
Convert -104533 (base 6) to base 13.
-4041
What is 12020 (base 4) in base 14?
200
ff22 (base 16) to base 11
45087
Convert 12640 (base 8) to base 12.
3254
-501451 (base 6) to base 4
-21211213
What is -3601 (base 7) in base 6?
-10044
What is -2121002 (base 3) in base 12?
-1118
1527 (base 9) to base 16
487
What is 493 (base 10) in base 12?
351
Convert 11100101000 (base 2) to base 15.
822
What is 10002300 (base 4) in base 15?
4d90
What is 5583 (base 9) in base 8?
10035
What is -dec (base 16) in base 3?
-11220000
What is 1611 (base 9) in base 3?
1200101
-2405 (base 13) to base 4
-1033103
Convert 10306 (base 7) to base 8.
4772
Convert 1101011111010 (base 2) to base 11.
5209
-c (base 13) to base 6
-20
What is 289d (base 14) in base 9?
10774
What is 1201022212 (base 3) in base 8?
101755
22000 (base 4) to base 8
1200
-211 (base 13) to base 8
-540
Convert -10111012 (base 3) to base 5.
-40133
3254 (base 10) to base 9
4415
Convert 13202 (base 4) to base 13.
2b1
Convert 585 (base 12) to base 13.
4b2
Convert -11011010 (base 2) to base 14.
-118
Convert 525 (base 7) to base 16.
108
What is -7003 (base 10) in base 15?
-211d
317 (base 14) to base 4
21201
34303 (base 6) to base 5
123423
What is 80 (base 13) in base 3?
10212
What is -120520 (base 6) in base 2?
-10100101000000
Convert -35331 (base 7) to base 6.
-110023
Convert 38 (base 12) to base 4.
230
-650 (base 12) to base 10
-924
Convert 11a1 (base 14) to base 10.
3081
Convert 130402 (base 5) to base 11.
3919
2303 (base 10) to base 4
203333
-30b4 (base 13) to base 14
-2654
What is 26c (base 14) in base 3?
200002
Convert -9c9 (base 16) to base 3.
-10102210
What is 301501 (base 6) in base 12?
11891
What is 21021 (base 3) in base 9?
237
What is -453 (base 10) in base 11?
-382
What is 1010110100001 (base 2) in base 12?
3255
-17b (base 12) to base 7
-461
3147 (base 8) to base 4
121213
52a0 (base 14) to base 2
11011110101100
What is -102402 (base 5) in base 14?
-13a5
Convert 594 (base 10) to base 2.
1001010010
What is -19437 (base 10) in base 12?
-b2b9
Convert -4645 (base 15) to base 12.
-876b
Convert -143141 (base 5) to base 11.
-45a7
-4485 (base 9) to base 8
-6365
-1118a (base 13) to base 15
-92e6
Convert 752 (base 9) to base 16.
266
Convert -1523 (base 6) to base 10.
-411
Convert 2403 (base 9) to base 15.
7e0
What is -505 (base 7) in base 13?
-163
Convert 11110100 (base 2) to base 11.
202
What is -c11 (base 13) in base 7?
-5645
Convert 2baa (base 14) to base 10.
7794
-13312 (base 6) to base 9
-2738
-101011010000100 (base 2) to base 12
-10998
Convert 10110011010101 (base 2) to base 4.
2303111
-18d (base 14) to base 5
-2241
What is 5c1 (base 14) in base 7?
3231
What is -42204 (base 7) in base 12?
-6020
What is -145255 (base 6) in base 11?
-a6a1
What is -32012 (base 4) in base 5?
-12102
What is 34b (base 14) in base 11?
546
What is 44d (base 16) in base 10?
1101
What is 101001001011 (base 2) in base 13?
1279
308 (base 9) to base 15
11b
-10000010 (base 2) to base 13
-a0
-222212 (base 3) to base 4
-23111
-10001010110 (base 2) to base 9
-1463
What is 242400 (base 6) in base 11?
15015
7347 (base 9) to base 4
1110031
24258 (base 12) to base 9
73765
What is -240 (base 16) in base 14?
-2d2
Convert -11212101 (base 3) to base 7.
-13225
Convert -d2 (base 14) to base 10.
-184
What is -648 (base 11) in base 8?
-1412
Convert -4522 (base 6) to base 5.
-13213
What is -1926b (base 15) in base 8?
-237217
-10011122 (base 3) to base 11
-1812
2761 (base 9) to base 2
100000100000
9c2 (base 13) to base 2
11010001111
Convert 11110010 (base 2) to base 13.
158
Convert -200121220 (base 3) to base 2.
-11010100001010
c2a (base 13) to base 12
1240
Convert -c20 (base 15) to base 8.
-5252
What is -162 (base 15) in base 7?
-632
-251 (base 7) to base 11
-112
ba2 (base 13) to base 4
133013
93b4 (base 12) to base 6
202344
Convert -1118 (base 14) to base 8.
-5622
-4aa2 (base 14) to base 13
-5c50
-20321 (base 4) to base 16
-239
-4046 (base 10) to base 8
-7716
What is 5103 (base 7) in base 5?
24032
What is -63aa (base 12) in base 11?
-8237
Convert 729 (base 15) to base 12.
b26
What is -30c (base 14) in base 8?
-1130
Convert -1322 (base 4) to base 13.
-95
Convert 303 (base 14) to base 10.
591
-121111120 (base 3) to base 5
-341110
What is 4a92 (base 11) in base 3?
100002202
What is 1a62 (base 11) in base 16?
a31
16954 (base 12) to base 10
32464
Convert 19813 (base 10) to base 6.
231421
What is -1133 (base 7) in base 12?
-2a8
What is 66 (base 8) in base 5?
204
What is -b2 (base 14) in base 8?
-234
Convert 100000101000101 (base 2) to base 13.
77b4
-745 (base 11) to base 13
-53c
What is -2020 (base 5) in base 15?
-125
Convert -137 (base 14) to base 13.
-15b
2aa6 (base 16) to base 5
322133
-20121 (base 4) to base 13
-324
Convert 10022310 (base 4) to base 11.
11914
What is -